3) to base 11.
181a527
Convert -1530852 (base 10) to base 7.
-16004061
-13033110030 (base 4) to base 6
-104401500
2000211010022 (base 3) to base 16
1076e1
-177520 (base 10) to base 15
-378ea
What is -16231119 (base 10) in base 2?
-111101111010101011001111
What is 10362153 (base 7) in base 13?
251928
-1001111001010101 (base 2) to base 10
-40533
Convert 7037615 (base 8) to base 3.
10111001110211
What is -2c0c9 (base 16) in base 13?
-6417b
74408 (base 11) to base 3
12111120020
-863950 (base 12) to base 8
-10057614
What is -442506 (base 8) in base 2?
-100100010101000110
What is 41227 (base 12) in base 13?
2c8ba
What is 63325645 (base 7) in base 8?
24324056
Convert 2210202121 (base 4) to base 6.
22240041
What is -1901729 (base 13) in base 3?
-120101011200112
Convert 403020 (base 5) to base 8.
31125
11214201 (base 5) to base 2
11000101100111000
What is 233233440 (base 5) in base 3?
2000102022010
22444223 (base 6) to base 2
10101000100011110111
What is -4850a6 (base 13) in base 4?
-12211011231
What is 10010110101100 (base 2) in base 6?
112352
What is -260928 (base 11) in base 4?
-1210112323
What is 149b094 (base 13) in base 12?
225b6b2
Convert 7634c (base 16) to base 5.
110443142
73b2 (base 12) to base 2
11000101110110
860478 (base 10) to base 15
11ee53
What is 12242041 (base 6) in base 8?
1402311
What is -10003124304 (base 5) in base 11?
-55a5aa9
What is -102002341 (base 6) in base 9?
-3302687
47f284 (base 16) to base 11
2730611
1b090 (base 12) to base 15
bc1c
Convert 9522426 (base 10) to base 11.
5414381
-1020030030 (base 4) to base 10
-295692
157c572 (base 14) to base 10
10521576
What is -31b9980 (base 12) in base 3?
-122210012110120
22533252 (base 6) to base 5
134243304
Convert 46847 (base 9) to base 12.
16151
Convert -1001001101100001 (base 2) to base 9.
-56671
What is -10010110010010010000010 (base 2) in base 11?
-2863980
What is -6423497 (base 10) in base 12?
-2199375
-2d0ec (base 16) to base 7
-1366031
Convert -c99398 (base 13) to base 9.
-8813365
-12413014210 (base 5) to base 10
-15360555
Convert -1637075 (base 9) to base 4.
-3132103331
Convert 718513 (base 9) to base 12.
186749
What is -30023313 (base 4) in base 11?
-34554
Convert 201332133 (base 4) to base 6.
2552143
Convert 46a4b3 (base 12) to base 8.
4256107
Convert 3647585 (base 11) to base 4.
120032030000
4b893 (base 12) to base 11
70602
What is 16537488 (base 10) in base 15?
16b9ee3
What is 65131743 (base 8) in base 13?
2b70b44
-1228173 (base 13) to base 9
-11552536
85285 (base 10) to base 6
1454501
a8a991 (base 16) to base 11
626a698
Convert 3ee7cd (base 16) to base 7.
50020110
Convert 442225 (base 6) to base 8.
107711
-288641 (base 9) to base 4
-223030231
What is -3533234 (base 9) in base 6?
-104550051
30130 (base 5) to base 8
3573
What is 110111100021212 (base 3) in base 9?
13440255
-12211234 (base 5) to base 2
-11100011011011100
4152201 (base 6) to base 10
201385
What is -5837836 (base 10) in base 2?
-10110010001010000001100
Convert 599a405 (base 12) to base 10.
17373893
251123553 (base 6) to base 14
8d556d
Convert 1833235 (base 10) to base 16.
1bf913
What is 46888 (base 12) in base 6?
2005452
Convert -325942 (base 12) to base 3.
-1111112120212
Convert 2212111133 (base 4) to base 12.
28a33b
Convert 275326 (base 8) to base 10.
96982
-22263 (base 9) to base 15
-45b9
665734 (base 12) to base 13
44c7a3
20020221112220 (base 3) to base 7
40156650
-30213241 (base 5) to base 2
-111011000000100000
-133202320 (base 4) to base 6
-2434104
29036 (base 15) to base 11
8aa26
Convert -277627 (base 9) to base 16.
-296a7
What is -10211212003 (base 4) in base 13?
-33149b
Convert -40296b9 (base 12) to base 15.
-10c1210
Convert -11202544 (base 6) to base 7.
-2625241
-45964 (base 12) to base 14
-25c3a
What is -691944 (base 10) in base 13?
-1b2c46
5b910 (base 16) to base 5
44000211
22531421 (base 6) to base 16
aa005
180552c (base 13) to base 10
7809021
Convert -323342331 (base 5) to base 8.
-5225320
-10212012102222 (base 3) to base 7
-23301410
What is 2448b (base 15) in base 5?
12201111
Convert -66045 (base 12) to base 14.
-371d3
What is 1188d4 (base 14) in base 11?
37a826
What is -1f325 (base 16) in base 8?
-371445
-27a947 (base 11) to base 15
-8a144
Convert 100010002010020 (base 3) to base 11.
280904a
What is -2432440 (base 6) in base 12?
-62720
Convert 1330001 (base 5) to base 12.
13678
Convert -101200120210011 (base 3) to base 13.
-123b593
-30d96 (base 15) to base 12
-757b9
What is 60351 (base 12) in base 13?
44b15
What is 123b900 (base 12) in base 7?
42211653
Convert -11551114 (base 6) to base 8.
-1326766
-20485 (base 13) to base 5
-3323112
Convert 124113000 (base 5) to base 11.
389a28
Convert -1620711 (base 8) to base 6.
-14003521
-3432651 (base 8) to base 4
-3203112221
Convert -1641a4 (base 14) to base 15.
-10600b
357649 (base 10) to base 16
57511
-ac8c (base 13) to base 6
-303350
Convert 31330101 (base 4) to base 7.
325326
300335 (base 8) to base 6
2040045
What is -1760517 (base 8) in base 11?
-323003
What is -11000012110 (base 3) in base 4?
-103100133
What is 1011111001000100110010 (base 2) in base 11?
183a136
What is 1837e (base 16) in base 15?
1e5d3
Convert -17bb6 (base 12) to base 10.
-34554
What is 25305000 (base 6) in base 14?
173d32
10012514 (base 7) to base 13
22c4a8
Convert -5317866 (base 10) to base 8.
-24222352
Convert 25614205 (base 8) to base 11.
3249489
3321231213 (base 4) to base 14
1c8a6b
Convert -85d560 (base 16) to base 12.
-2b2b914
What is -b4a54 (base 12) in base 4?
-321233200
What is -12332021 (base 6) in base 15?
-7dbc4
What is -42403264 (base 7) in base 10?
-3597871
6030837 (base 9) to base 5
1310142021
What is 53922a (base 12) in base 11?
823469
-14027120 (base 9) to base 3
-111000221010200
Convert 9c856 (base 13) to base 11.
185002
What is -b58506 (base 16) in base 12?
-3b98372
-d507b6 (base 14) to base 7
-115034316
215521331 (base 6) to base 8
16735027
21012033301 (base 4) to base 6
123041041
What is -2324130 (base 5) in base 14?
-11659
What is -51b52 (base 13) in base 14?
-3b78c
What is 3433432423 (base 5) in base 10?
7717863
-128106 (base 10) to base 3
-20111201200
What is -24f499 (base 16) in base 13?
-66a4b0
1bd9e (base 16) to base 9
183433
What is 69409d (base 15) in base 5?
2241304043
-231133330111 (base 4) to base 16
-b5ff15
Convert 41100443 (base 5) to base 11.
206a69
10646143 (base 10) to base 13
22899c1
7a510 (base 16) to base 9
843225
What is 6b837 (base 13) in base 6?
4115415
What is 2815864 (base 10) in base 14?
534292
2025422 (base 6) to base 11
66a91
What is 3cb70d (base 15) in base 10?
2924338
Convert -221220000101 (base 3) to base 11.
-318946
1003001232 (base 5) to base 15
2979b2
-111010001011100100 (base 2) to base 5
-30111213
-6553b (base 12) to base 4
-200222333
Convert -4521122 (base 7) to base 2.
-10001000101011100001
Convert 1210141433 (base 6) to base 3.
221211120022010
Convert -344111553 (base 6) to base 7.
-105004605
What is -111110101101111 (base 2) in base 8?
-76557
-13221110010 (base 4) to base 10
-2004228
Convert eeb5a7 (base 15) to base 2.
101011011001111011100111
Convert 16587987 (base 10) to base 14.
22bb283
Convert 80945 (base 13) to base 15.
4827b
23c03 (base 13) to base 10
65744
What is -42b696 (base 15) in base 2?
-1100000111101110010110
What is 80843 (base 9) in base 11?
36a51
What is 2382864 (base 9) in base 3?
2102202222011
Convert -1000100010111110111 (base 2) to base 8.
-1042767
-1000110110000101010 (base 2) to base 10
-289834
What is 446621 (base 7) in base 13?
2a083
13b39 (base 16) to base 10
80697
-1001130133 (base 4) to base 6
-5425011
Convert 2157400 (base 8) to base 10.
581376
20200010 (base 3) to base 8
11377
Convert -11000111100010111111 (base 2) to base 7.
-6642632
5ba41 (base 12) to base 6
2354521
-12220200222200 (base 3) to base 11
-1857792
What is -24334311 (base 5) in base 14?
-60061
What is -10031122233 (base 4) in base 12?
-452753
Convert -23302301 (base 4) to base 12.
-23b55
What is -111111101101101110110 (base 2) in base 12?
-848272
Convert -3401311002 (base 5) to base 13.
-1709ba5
What is 12151 (base 16) in base 14?
1cdc5
Convert 541201 (base 6) to base 5.
2404403
30142113 (base 5) to base 15
4b2dd
Convert 5210424 (base 6) to base 4.
331012300
311050 (base 7) to base 14
15560
What is 55131554 (base 6) in ba